5) to base 8
-543
Convert 51d1 (base 16) to base 3.
1001201202
Convert -232 (base 14) to base 6.
-2004
-173 (base 8) to base 11
-102
-124450 (base 8) to base 4
-22210220
What is -1001000 (base 2) in base 4?
-1020
What is -110011110110 (base 2) in base 10?
-3318
What is -99c (base 16) in base 2?
-100110011100
1640 (base 13) to base 5
101023
Convert -1718 (base 13) to base 14.
-134d
What is -433113 (base 5) in base 12?
-867b
Convert 111010110011100 (base 2) to base 13.
10920
What is 93 (base 13) in base 9?
143
What is -111000110110010 (base 2) in base 8?
-70662
2b3 (base 16) to base 5
10231
What is -11ba (base 13) in base 2?
-100111010111
Convert -442c (base 14) to base 4.
-2320120
Convert 82d (base 15) to base 5.
24333
7a55 (base 11) to base 13
4a85
What is 111011110110010 (base 2) in base 14?
b24a
3643 (base 11) to base 16
129e
-b7c4 (base 14) to base 2
-111101111110000
What is 133311 (base 4) in base 9?
2713
Convert 103 (base 5) to base 13.
22
What is 1010 (base 4) in base 12?
58
What is 314c (base 13) in base 3?
100100202
-1732 (base 16) to base 6
-43254
What is 3850 (base 12) in base 5?
201041
Convert 284f (base 16) to base 10.
10319
-77d3 (base 15) to base 5
-1303043
What is 2e1 (base 15) in base 7?
1633
Convert -30110310 (base 4) to base 9.
-76223
What is 1651 (base 7) in base 3?
220221
Convert -123025 (base 7) to base 3.
-1011002011
246 (base 12) to base 14
1a6
359 (base 14) to base 15
2e7
Convert 5a36 (base 13) to base 10.
12720
Convert 1105 (base 7) to base 9.
481
Convert -22614 (base 7) to base 4.
-1122201
Convert 5618 (base 14) to base 16.
3a46
Convert -203 (base 6) to base 12.
-63
Convert -17a67 (base 12) to base 14.
-c739
Convert -541 (base 6) to base 14.
-109
What is -7730 (base 8) in base 3?
-12120020
What is -60233 (base 7) in base 8?
-34300
Convert 50dd (base 15) to base 16.
42bb
-211a (base 11) to base 6
-20552
What is 535 (base 7) in base 13?
17b
What is -f2 (base 16) in base 3?
-22222
43840 (base 11) to base 4
33201101
Convert 6042 (base 8) to base 3.
11021001
What is -5702 (base 13) in base 15?
-3915
488 (base 10) to base 7
1265
What is -10011 (base 4) in base 5?
-2021
Convert 553010 (base 6) to base 12.
22766
Convert 110bc (base 13) to base 6.
355041
Convert 1189 (base 12) to base 6.
13053
4f9 (base 16) to base 13
76c
What is 2427 (base 10) in base 9?
3286
10220120 (base 3) to base 8
5442
What is -63 (base 10) in base 8?
-77
What is -300410 (base 5) in base 9?
-14003
32011313 (base 4) to base 15
1217e
Convert -3431132 (base 5) to base 9.
-103221
What is -111001011 (base 2) in base 13?
-294
Convert 1b02 (base 12) to base 5.
101224
What is -987 (base 12) in base 15?
-634
What is -798 (base 11) in base 15?
-439
10200022 (base 3) to base 16
a79
What is 8380 (base 9) in base 5?
144042
11031100 (base 4) to base 5
1140303
-34 (base 5) to base 11
-18
What is 23466 (base 7) in base 9?
8300
Convert -603 (base 14) to base 5.
-14204
What is 1711 (base 10) in base 3?
2100101
What is 182 (base 13) in base 4?
10103
Convert 35 (base 7) to base 5.
101
What is 910 (base 16) in base 7?
6523
29942 (base 11) to base 13
163b3
What is -1010110001 (base 2) in base 12?
-495
Convert 10101010 (base 3) to base 15.
ae0
What is 141 (base 7) in base 16?
4e
Convert -b255 (base 15) to base 9.
-56578
What is 3a74 (base 11) in base 10?
5284
1032 (base 12) to base 8
3346
Convert -22272 (base 8) to base 16.
-24ba
-7bb (base 15) to base 2
-11011010111
What is -102 (base 9) in base 10?
-83
What is -1b2 (base 14) in base 4?
-11200
What is -1212 (base 9) in base 15?
-402
What is -2c9 (base 13) in base 2?
-111110111
Convert 1322150 (base 6) to base 10.
73074
What is 3410 (base 9) in base 12?
1560
What is 21134 (base 11) in base 6?
354243
390 (base 14) to base 9
873
What is 58034 (base 9) in base 13?
147a6
-20121211 (base 3) to base 13
-2275
Convert 2463 (base 9) to base 13.
ab6
What is 10 (base 14) in base 9?
15
-5c7 (base 15) to base 14
-69a
-1000100010110011 (base 2) to base 3
-1210000010
Convert -301246 (base 7) to base 3.
-2120211001
Convert 1001001010 (base 2) to base 5.
4321
3381 (base 9) to base 5
40003
What is -1a0b (base 13) in base 3?
-12100101
-17703 (base 9) to base 6
-132350
What is 3224 (base 6) in base 9?
1007
172 (base 15) to base 3
110022
What is 10011320 (base 4) in base 6?
205332
What is -4d8f (base 16) in base 4?
-10312033
Convert 100253 (base 6) to base 5.
223011
What is -252311 (base 6) in base 7?
-122554
-11100001111 (base 2) to base 5
-24212
Convert -143314 (base 5) to base 15.
-1c09
What is 130010 (base 5) in base 11?
3840
What is 40840 (base 11) in base 2?
1110100010111000
Convert -280 (base 9) to base 5.
-1414
Convert -1210101 (base 3) to base 7.
-3544
What is -1011001010 (base 2) in base 15?
-329
-20225 (base 7) to base 3
-20202012
Convert 44302 (base 5) to base 4.
300011
Convert -231131 (base 5) to base 7.
-33113
33143 (base 5) to base 2
100011111010
-22110 (base 3) to base 9
-273
-447 (base 11) to base 4
-20113
112210 (base 5) to base 8
7727
-6515 (base 13) to base 9
-21235
160122 (base 7) to base 2
111101000101110
What is -1eb (base 15) in base 14?
-23c
Convert 4da (base 14) to base 5.
12401
Convert -698a (base 16) to base 13.
-c3b4
What is 8c2 (base 13) in base 16?
5e6
What is -26029 (base 10) in base 11?
-18613
What is -4002 (base 5) in base 14?
-27c
4275 (base 9) to base 8
6112
What is 261 (base 13) in base 5?
3132
1212130 (base 4) to base 2
1100110011100
Convert 18a (base 14) to base 3.
102210
What is 571 (base 8) in base 10?
377
Convert 884 (base 15) to base 5.
30144
-193 (base 12) to base 11
-212
415 (base 7) to base 3
21201
What is -3551 (base 7) in base 4?
-110132
What is 100010001010110 (base 2) in base 6?
212554
What is -3403201 (base 5) in base 6?
-1140505
What is 1ca2 (base 16) in base 5?
213310
What is -9c7 (base 16) in base 15?
-b1d
-10224 (base 7) to base 2
-100111010101
Convert -4644 (base 12) to base 9.
-11657
What is -4a (base 12) in base 15?
-3d
What is -51535 (base 8) in base 12?
-10425
Convert 1102010 (base 3) to base 16.
405
Convert -4131 (base 9) to base 3.
-11011001
Convert 9083 (base 15) to base 5.
1433443
-415 (base 8) to base 7
-533
What is 2b16 (base 13) in base 16?
1880
Convert -1a45 (base 16) to base 4.
-1221011
669 (base 11) to base 14
413
186 (base 14) to base 2
100111010
What is 20ab (base 16) in base 11?
6313
What is 1414 (base 7) in base 15?
26a
What is -8176 (base 11) in base 16?
-2a64
20135 (base 7) to base 9
6618
-751 (base 9) to base 3
-211201
What is 1012 (base 10) in base 14?
524
What is -34301 (base 10) in base 14?
-c701
358a (base 11) to base 6
33424
-a97 (base 11) to base 13
-7a3
What is -430 (base 7) in base 2?
-11011001
Convert 3305 (base 16) to base 5.
404221
What is 100011011010000 (base 2) in base 6?
215532
Convert 3156 (base 11) to base 14.
1743
What is 1162 (base 11) in base 10?
1520
What is -204043 (base 5) in base 15?
-2018
What is -1010010011 (base 2) in base 6?
-3015
What is 1428 (base 15) in base 3?
12220202
-5285 (base 16) to base 15
-63d5
-34081 (base 10) to base 3
-1201202021
What is 14134 (base 10) in base 9?
21344
520 (base 15) to base 10
1155
Convert 2242 (base 5) to base 2.
101000010
What is 333 (base 12) in base 14?
259
What is 1110101111 (base 2) in base 11?
788
-110020 (base 3) to base 9
-406
-2003 (base 7) to base 15
-30e
-52 (base 12) to base 8
-76
What is 2111413 (base 5) in base 8?
104641
What is -2441 (base 8) in base 16?
-521
What is -21327 (base 10) in base 11?
-15029
What is b30d (base 15) in base 6?
451021
Convert 200211 (base 3) to base 6.
2204
Convert 110113121 (base 4) to base 12.
40335
What is 1100001100 (base 2) in base 14?
3da
Convert -4c12 (base 13) to base 2.
-10101001001111
Convert -114036 (base 7) to base 8.
-50177
What is 11000100110 (base 2) in base 14?
806
257a (base 16) to base 15
2c99
Convert 686 (base 13) to base 10.
1124
What is -2357 (base 9) in base 14?
-8d3
What is 303 (base 14) in base 16?
24f
What is -5459 (base 12) in base 5?
-244120
What is 120133 (base 4) in base 15?
6e7
Convert 4620 (base 7) to base 10.
1680
3905 (base 11) to base 9
6872
What is -486 (base 9) in base 5?
-3102
Convert 13442 (base 8) to base 15.
1b4c
What is 47cc (base 15) in base 9?
22843
Convert a54 (base 11) to base 5.
20034
-16301 (base 8) to base 10
-7361
657 